2130
-4443 (base 7) to base 2
-11000111111
-177 (base 14) to base 11
-254
Convert -4525 (base 6) to base 15.
-4ab
Convert 336 (base 7) to base 2.
10101110
What is -50543 (base 8) in base 12?
-10083
What is -1467 (base 9) in base 7?
-3151
56d2 (base 16) to base 10
22226
What is a24 (base 14) in base 3?
2201210
Convert -550 (base 12) to base 13.
-480
25f (base 16) to base 7
1525
Convert -4365 (base 8) to base 11.
-17a5
Convert -7093 (base 11) to base 2.
-10010011001011
Convert -2188 (base 11) to base 5.
-43004
Convert -2937 (base 13) to base 14.
-225b
What is -30104 (base 7) in base 3?
-100221202
Convert -47814 (base 9) to base 13.
-11752
What is 21de (base 15) in base 6?
53132
What is 24560 (base 7) in base 15?
1dab
201 (base 16) to base 7
1332
What is 13323 (base 4) in base 3?
200210
What is e (base 15) in base 5?
24
-1410 (base 6) to base 10
-366
-11000133 (base 4) to base 12
-ba53
Convert -1677 (base 10) to base 16.
-68d
Convert -122200211 (base 3) to base 9.
-18624
What is -2227 (base 9) in base 14?
-857
105 (base 12) to base 2
10010101
Convert -a0a0 (base 14) to base 7.
-143260
Convert -5ab4 (base 16) to base 15.
-6d30
21100 (base 3) to base 14
102
What is -21222 (base 5) in base 15?
-65c
-22123 (base 4) to base 16
-29b
Convert 2113 (base 15) to base 8.
15521
-46141 (base 8) to base 10
-19553
Convert 53640 (base 9) to base 12.
18676
What is -1681 (base 15) in base 10?
-4846
Convert -122011 (base 3) to base 2.
-111001111
What is -55e (base 16) in base 10?
-1374
What is -16257 (base 10) in base 4?
-3332001
Convert -16708 (base 9) to base 3.
-120210022
403 (base 9) to base 11
278
What is -1000100 (base 3) in base 7?
-2103
8258 (base 9) to base 11
45a8
What is 5bb9 (base 12) in base 7?
42135
What is -2224 (base 7) in base 6?
-3414
Convert 1211221 (base 3) to base 7.
3634
1464 (base 9) to base 11
920
Convert -131313 (base 5) to base 4.
-1101120
What is 2ac9 (base 13) in base 3?
22120110
-a3ed (base 15) to base 13
-12a03
What is 1a065 (base 13) in base 4?
30112312
-1423 (base 6) to base 16
-177
Convert 17100 (base 10) to base 2.
100001011001100
Convert -4301211 (base 5) to base 12.
-35848
What is -5787 (base 13) in base 5?
-343104
What is -32 (base 6) in base 16?
-14
Convert 646 (base 7) to base 13.
1c3
Convert -120222012 (base 3) to base 11.
-8824
-234412 (base 5) to base 10
-8732
What is 12a0a (base 13) in base 3?
1202112112
What is a603 (base 13) in base 15?
6c27
Convert -4413 (base 6) to base 5.
-13032
11533 (base 7) to base 11
229a
What is -1bc (base 14) in base 3?
-111102
1314 (base 10) to base 14
69c
110221 (base 3) to base 14
1ad
What is 16839 (base 11) in base 6?
301233
What is -24c (base 14) in base 11?
-389
-1010101000111000 (base 2) to base 11
-2a815
Convert -1998 (base 12) to base 4.
-301010
Convert -150255 (base 7) to base 15.
-88a0
What is -11110010110111 (base 2) in base 10?
-15543
Convert -493 (base 14) to base 9.
-1224
What is -535 (base 7) in base 13?
-17b
Convert -11d (base 15) to base 10.
-253
Convert 111100000111 (base 2) to base 15.
1217
Convert 18507 (base 9) to base 14.
4949
What is 5662 (base 7) in base 5?
31203
What is -1293 (base 10) in base 6?
-5553
Convert -371 (base 8) to base 15.
-119
What is 100202 (base 3) in base 15?
128
21200000 (base 3) to base 10
5589
Convert 16076 (base 13) to base 7.
232661
-1205 (base 8) to base 12
-459
What is -21a9 (base 14) in base 7?
-23002
225e (base 16) to base 6
104422
0 (base 9) to base 11
0
Convert -145435 (base 7) to base 14.
-a48c
What is 1351 (base 15) in base 13?
1b55
3122 (base 10) to base 5
44442
Convert -10220 (base 6) to base 3.
-1220010
What is -310e (base 15) in base 13?
-4943
What is 200202 (base 3) in base 12?
362
What is -484 (base 9) in base 3?
-112211
-1230121 (base 4) to base 5
-210222
c (base 13) to base 6
20
-480c (base 15) to base 8
-35720
-14dd3 (base 14) to base 10
-52125
-407 (base 8) to base 4
-10013
What is 11d74 (base 15) in base 6?
1120014
What is 14331 (base 8) in base 15?
1d41
What is 4a (base 16) in base 6?
202
-3022121 (base 4) to base 6
-135545
10210110 (base 3) to base 11
2095
Convert 6772 (base 13) to base 2.
11100001111010
550 (base 8) to base 13
219
Convert -322 (base 15) to base 10.
-707
11224 (base 7) to base 8
5454
What is -148 (base 10) in base 7?
-301
-16457 (base 9) to base 13
-51c1
What is -455 (base 8) in base 11?
-254
-24 (base 15) to base 4
-202
What is -a4a (base 12) in base 7?
-4240
What is -1001120 (base 3) in base 6?
-3323
Convert 1043 (base 5) to base 13.
b5
What is -10201 (base 3) in base 9?
-121
Convert -11313 (base 5) to base 12.
-595
Convert -124 (base 14) to base 2.
-11100100
What is 27e5 (base 16) in base 2?
10011111100101
Convert 1a15 (base 14) to base 6.
33511
What is 100010100000 (base 2) in base 9?
3023
Convert 284 (base 11) to base 6.
1314
-597 (base 10) to base 12
-419
What is -3614 (base 7) in base 2?
-10100110110
What is 1c7 (base 16) in base 6?
2035
What is 1101210 (base 5) in base 14?
6c82
What is 34ac (base 14) in base 2?
10001111010000
33 (base 16) to base 2
110011
-6dd (base 15) to base 14
-7d4
64989 (base 10) to base 4
33313131
-101110001000 (base 2) to base 6
-21400
What is 33433 (base 5) in base 14?
c12
-4564 (base 7) to base 5
-23123
21220 (base 6) to base 16
b4c
Convert 1414 (base 5) to base 2.
11101010
Convert -41637 (base 9) to base 14.
-a03b
Convert -2434 (base 10) to base 3.
-10100011
Convert -1151250 (base 6) to base 7.
-343341
Convert -559 (base 13) to base 3.
-1021001
What is 426a (base 16) in base 5?
1021002
100100010101 (base 2) to base 15
a50
What is 50 (base 13) in base 4?
1001
What is 166b3 (base 13) in base 12?
209b3
-375 (base 9) to base 12
-21b
What is 17701 (base 8) in base 3?
102011002
Convert -1370 (base 10) to base 8.
-2532
-52044 (base 7) to base 12
-7443
Convert 38 (base 13) to base 5.
142
What is 11010110100101 (base 2) in base 9?
20748
-3521 (base 8) to base 2
-11101010001
What is 300003 (base 4) in base 9?
4186
Convert 126 (base 10) to base 2.
1111110
What is 24252 (base 10) in base 3?
1020021020
What is -7b81 (base 12) in base 5?
-420102
What is 54 (base 16) in base 2?
1010100
What is -11454 (base 11) in base 8?
-40203
What is -3477 (base 9) in base 11?
-1a37
What is -11112 (base 5) in base 8?
-1416
What is 5226 (base 10) in base 13?
24c0
-46a (base 11) to base 2
-1000110000
What is 23843 (base 9) in base 10?
15996
-102030 (base 6) to base 8
-20042
Convert 856 (base 10) to base 8.
1530
Convert 7350 (base 8) to base 2.
111011101000
Convert 1404 (base 10) to base 12.
990
Convert -10b2a (base 13) to base 15.
-9056
Convert 698a (base 13) to base 12.
86a9
-585 (base 11) to base 15
-318
What is 518 (base 10) in base 14?
290
What is -c4 (base 13) in base 4?
-2200
Convert 13410 (base 5) to base 16.
451
-1074 (base 10) to base 8
-2062
Convert 23663 (base 7) to base 10.
6170
What is -4d27 (base 16) in base 2?
-100110100100111
42235 (base 7) to base 10
10414
What is 2217 (base 11) in base 9?
4006
722 (base 13) to base 16
4bb
-520 (base 14) to base 5
-13013
-d13a (base 14) to base 8
-106120
What is -6775 (base 9) in base 15?
-173e
What is 212 (base 3) in base 7?
32
Convert 22112100 (base 3) to base 6.
44443
Convert -3862 (base 13) to base 3.
-102000011
-141a0 (base 11) to base 2
-100111011100100
101001111000 (base 2) to base 15
bda
-433 (base 10) to base 7
-1156
866 (base 15) to base 8
3550
Convert -bd (base 15) to base 6.
-454
6210 (base 7) to base 15
993
-1002003 (base 4) to base 3
-12210120
What is 477 (base 13) in base 6?
3330
2f02 (base 16) to base 3
121111201
100001110000001 (base 2) to base 13
7b34
What is 11607 (base 9) in base 5?
222113
Convert -bb (base 12) to base 14.
-a3
What is 4ff (base 16) in base 11?
a63
What is 1a97 (base 14) in base 3?
20122011
What is -3415 (base 6) in base 12?
-56b
Convert -446 (base 12) to base 8.
-1166
Convert 704 (base 13) to base 9.
1558
What is -17644 (base 8) in base 4?
-1332210
a2 (base 11) to base 5
422
14a6 (base 12) to base 11
190a
Convert -450 (base 8) to base 13.
-19a
Convert -11202310 (base 4) to base 8.
-54264
59e3 (base 15) to base 4
10222221
1380a (base 11) to base 12
b424
What is -2466 (base 14) in base 15?
-1d42
What is -1337 (base 9) in base 3?
-1101021
Convert 111011002 (base 3) to base 11.
7226
Convert -3332203 (base 5) to base 2.
-